ate the greatest common factor of b and o.
12
Let p(i) = -i**2 - i + 18. Let b be p(-4). Suppose b*q = 5*q + 5, -2*o + 5*q = 9. What is the greatest common factor of 60 and o?
4
Suppose -3*z + 112 = 5*i, 4*i - 110 = 23*z - 26*z. Suppose z*j = 16*j + 360. Calculate the highest common factor of 160 and j.
20
Let w = 668 - 665. Let x(b) = b**3 - 5*b**2 - 7*b - 3. Let n be x(6). Let u = 13 + n. Calculate the greatest common divisor of w and u.
1
Let d be 4/22 - (28566/(-66) + -7). Suppose -6*l + 17*l - d = 0. Let g be 32/(-6)*-55*3/2. Calculate the highest common factor of l and g.
40
Suppose -3*i + 5*d = -34, d + 10 = i - 0*d. Suppose -4*r - 3*b + 6*b + 870 = 0, -4*b = 8. Calculate the highest common divisor of i and r.
8
Let v(x) = 9*x**2 + 9*x**2 + 18*x**2 + 3 - 37*x**2 - 37*x. Let d be v(-37). Let j = -6 - -10. What is the highest common divisor of j and d?
1
Let j(m) = m**3 + 39*m**2 + 300*m - 31. Let k be j(-11). What is the greatest common divisor of 10317 and k?
57
Let z be (161/(-69) - -3) + (-3118)/(-3). What is the greatest common factor of 130 and z?
130
Suppose 24*a - 2418 = -7*a. Let k = 353 + -327. What is the highest common divisor of a and k?
26
Suppose 0 = 5*y + 148 + 47. Let b be (538 + -1)*(-26)/y - -2. What is the greatest common divisor of b and 80?
40
Let m(r) = 3*r**2 - 47*r + 51. Let y be m(22). What is the highest common factor of y and 161?
7
Let d be (73/292*18/(-1))/(3/(-14)). What is the highest common factor of d and 525?
21
Suppose -5*v + 302*w = 297*w - 6735, w = -4. Calculate the highest common factor of 221 and v.
17
Let f(w) = 15*w**3 + 3*w**2 + 6*w + 2. Let p be f(-2). Let n = p - -132. Calculate the highest common divisor of n and 112.
14
Let b = -3157 + 3563. Calculate the highest common divisor of 91 and b.
7
Let k be 10 - 1241/119 - (-1 - 4798/7). What is the highest common factor of 14 and k?
14
Suppose -8 = -4*w, w + 34 = r - 3*w. Let i(o) = -26*o - 132. Let c be i(7). Let u = c + 328. Calculate the highest common divisor of r and u.
14
Let v(g) = 4*g**2 - 2. Let a be v(-1). Suppose a*p = -p. Let h be 4 + (p - -5*3). What is the highest common factor of h and 133?
19
Suppose k - 21 = -3*q, 4*q = 3*k - 72 + 22. Suppose 196 = 3*r - j, -r = -j - 48 - k. Let x = -33 + 46. What is the highest common factor of x and r?
13
Let h be 5/((-70)/(-8)) - (-5490)/315. Suppose 5*p - 5*j - 825 = 900, 0 = 4*p + 2*j - 1362. Calculate the highest common divisor of p and h.
18
Let o(s) = -554*s - 6562. Let l be o(-13). Calculate the greatest common factor of l and 2080.
160
Let v be 3/2*(-144)/(-3). Suppose -m - x - 33 = -36, 2*m - 4*x - 42 = 0. What is the greatest common factor of m and v?
9
Let d be (4/((-56)/4291))/((-1)/(-2)). Let m = 708 + d. Calculate the greatest common factor of m and 19.
19
Suppose -4*f + 549 + 143 = 0. Suppose -4*g + f = 3*z, 0*z + z - g = 46. Let p be (5/(-30))/(-5 + 1018/204). What is the highest common factor of p and z?
17
Let q(c) = c**2 - 6*c + 5. Let b be q(6). Suppose -11*z + 1744 = -1666. Let a = -305 + z. Calculate the highest common factor of b and a.
5
Suppose -13*j + 115 = -8*j. Let x = 660 + -453. Calculate the greatest common factor of j and x.
23
Suppose -3*i + 71 - 14 = 0. Suppose -21 = -x + 4*n + 20, -5*x + 4*n + 189 = 0. Let q = x + 96. What is the greatest common factor of q and i?
19
Let i(s) = -16*s + 6. Let l be i(-12). Let j be 12 + 5 + (1 - (-4 + 0)). Calculate the greatest common factor of j and l.
22
Suppose 29*w = -115*w + 72576. Calculate the greatest common factor of 384 and w.
24
Suppose 12*n - 41 + 5 = 0. Suppose -n*c - 176 = -6*c + 4*q, -226 = -4*c + q. What is the highest common divisor of c and 70?
14
Let p be 51/(-68 - 34) + (-110)/(-4). Calculate the greatest common divisor of 1347 and p.
3
Suppose -4*f + 39 = -45. Let x = 24 - f. Suppose r + 49 = 2*u - 14, -94 = -x*u + 2*r. Calculate the highest common divisor of u and 16.
16
Let m be (3/2)/((-3)/(-400)). Let i be (-2)/(-4)*15 + (-341)/(-682). What is the highest common divisor of i and m?
8
Let j(s) = 21*s - 158. Let n = -20 + 28. Let m be j(n). What is the greatest common divisor of m and 85?
5
Suppose 2591 = 39*l - 2089. Let i be 106 - (136/l + 4/(-30)). Calculate the greatest common factor of 42 and i.
21
Suppose -v + 3*v = -32. Let f = v - -26. Suppose -14*z = -15*z + 2. What is the highest common factor of f and z?
2
Let r be (37 + -2)*72/20. Let v be 36/r + 396/(-14). Let i be v/(-48)*4*3. What is the highest common factor of i and 56?
7
Let p(r) = 2*r**2 + 10*r + 4. Let g be p(-5). Suppose 4*l = g*d - 120 - 192, 0 = 5*d + l - 420. Let s = 149 - d. What is the highest common divisor of 11 and s?
11
Suppose 0 = -4*g + 79 - 47. Suppose g*q - 1702 = 26. Calculate the highest common divisor of 8 and q.
8
Let b(r) = -7*r**2 - 1043*r + 512*r + 3*r**3 + 7 + 521*r. Let c be b(6). Calculate the greatest common divisor of c and 49.
49
Let p be (265/(-4))/(0 + 4/(-16)). Calculate the highest common factor of p and 15.
5
Let y = 1 + 2. Let s = 132 + -122. Suppose 3*x - y*h - 24 = 0, -5*h = x - 4 - s. Calculate the highest common factor of 36 and x.
9
Suppose -788*j + 12*j + 54812 = -36756. Suppose 0 = 4*v - 7 - 1. Calculate the greatest common factor of j and v.
2
Let p(d) = d**2 - d - 4. Let u be p(-3). Suppose -u = -3*q - 2. Let n = -1006 + 1016. What is the greatest common factor of q and n?
2
Let j(y) = 2*y**3 - 56*y**2 + 11*y + 350. Let d be j(30). What is the greatest common divisor of 60 and d?
20
Let n(k) = 2*k**3 - 21*k**2 - 10*k + 73. Let i be n(17). What is the highest common divisor of 30 and i?
30
Let u = -3 - -21. Suppose 2*k = -4*f - u, 3*f + k = 5*k - 19. Let r be (-1 - (2 + f))*(-10)/(-4). Calculate the highest common factor of 5 and r.
5
Suppose 74601 = 42*n - v, 5*n + 5*v - 8835 = -0*v. Calculate the greatest common factor of n and 2886.
222
Suppose 3*x - 2*d - 5719 = -206, 2*x = 3*d + 3682. What is the greatest common divisor of 15 and x?
5
Let s = -24519 + 24807. What is the highest common divisor of s and 234?
18
Suppose -3*s + 38 = 4*d, -5*d = 4*s - 8*s - 63. Calculate the highest common divisor of d and 4774.
11
Let y = 17437 + -7956. Calculate the highest common divisor of y and 19.
19
Let c be (-7)/(-5) + (56/(-20))/7. Let h be 1*(-87)/12*c*-16. Calculate the highest common factor of h and 29.
29
Let l be -5 + 164 - (-11 + 11 + 5). What is the greatest common factor of l and 4774?
154
Let i(u) = 1. Let d(y) = -8*y - 24. Let b(n) = d(n) - 6*i(n). Let k be b(-9). Suppose -k = -2*w - w. Calculate the greatest common divisor of w and 42.
14
Suppose 2221 = 4*p - 4*q + 685, 1948 = 5*p + 2*q. Suppose 64 - p = -36*i. Calculate the greatest common factor of i and 261.
9
Let q be (-6)/(-14) + (-369)/(-21). Let d = -2358 + 2439. What is the greatest common divisor of q and d?
9
Suppose -29*v - 2737 + 4100 = 0. Calculate the greatest common factor of v and 752.
47
Let v be (4/1)/2 + -4 + 6. Let n be (-5)/(-7) - v/(-14) - -2. Suppose -6*w + 306 = n*w. What is the highest common divisor of 85 and w?
17
Suppose -5*z + 30 = -3*z. Let l = 39 - z. Let w be l + -5 + 2 - 1. What is the highest common factor of 10 and w?
10
Let d be 12*3*(-143)/(-66)*18. What is the highest common factor of d and 104?
52
Let o(i) = 12*i - 6. Suppose 0 = -a + 8*a - 420. Suppose -13*f = -7*f - a. Let k be o(f). Calculate the greatest common divisor of k and 19.
19
Let r be 57 + -47 - (-2 - 17). What is the highest common divisor of 7772 and r?
29
Suppose 9*p + 165 = 4*p. Let n = p + 49. Calculate the greatest common divisor of n and 256.
16
Suppose 10 = 2*n - 36. Suppose n = -8*x + 9*x. Let v be (12/(-16))/(6/506)*-4. Calculate the greatest common factor of v and x.
23
Suppose 3*h = 2*x + 414, -1152*x + 1147*x = 3*h - 435. Suppose -5*j = -3*p - 331 - 81, -2*p = 8. Calculate the greatest common factor of h and j.
20
Let n(i) = i**2 - 6*i + 19. Let d be n(5). Calculate the highest common factor of d and 2779.
7
Let d = 483 + -229. Suppose -3*z + 540 = 3*r, -5*z - 616 - d = -5*r. What is the highest common divisor of 236 and r?
59
Suppose 0 = -g + 3*r + 70, 0*g + 5*r = -3*g + 168. Let m = -37 + g. What is the highest common factor of 384 and m?
24
Let b(x) = 31443*x**2 + 40*x + 4. Let n be b(-1). Calculate the highest common f